f = 5*f + 48. Suppose 0 = 7*l - 5*l - f. What are the prime factors of (2 + -76)*(-6)/l?
37
Suppose -4*p + 29 = 1. Let s(a) = a**2 - 2*a + 37. List the prime factors of s(p).
2, 3
Let k(b) = b**2 + 33*b - 100. List the prime factors of k(-40).
2, 3, 5
What are the prime factors of (-1762)/(-2)*((-2)/(-2))/1?
881
Let n = -10 - -32. Let w = 17 - n. Let q(i) = 4*i**2 + 7*i - 10. List the prime factors of q(w).
5, 11
Let z be (-6 - 24/(-18))/((-2)/3). What are the prime factors of (3 - (-15)/z)/(2/14)?
2, 3
Let d(o) = o - 5. Let y(k) = k. Let f(n) = d(n) - 4*y(n). Let z be f(-2). Suppose 0 = p - 4*g - 9, -19 = -2*p + g - z. List the prime factors of p.
3
Suppose 2*y = 2*p, 2*p = -p - 4*y + 14. Suppose -51 = p*w - 15. List the prime factors of 2*(-1)/1 - w.
2
Let w(v) = -v**2 + 18. Let q be w(-5). Let a(o) = -o + 11. List the prime factors of a(q).
2, 3
Suppose w = 4*n - 0*w - 311, 0 = -4*n - 5*w + 317. Let f = n - 30. Let j = 75 - f. What are the prime factors of j?
3
Let n(u) = -605*u + 26. List the prime factors of n(-3).
7, 263
Suppose 24*h + 29550 = 54*h. What are the prime factors of h?
5, 197
Let s(u) = -1358*u. List the prime factors of s(-1).
2, 7, 97
Let b(y) = -y + 11. Let f be b(6). Suppose -q - 68 = -f*q. List the prime factors of q.
17
What are the prime factors of (1 - 0)/((-12)/(-25524))?
3, 709
Let l(y) = 53*y**3 - 5*y**2 + 2*y - 2. List the prime factors of l(2).
2, 7, 29
Suppose 3*n - h - 160 = 0, h - 212 = -4*n + 2*h. List the prime factors of n.
2, 13
Let f = 8 - 16. Let g = f + 9. What are the prime factors of g/5 + 78/10?
2
Let g = -291 - -454. What are the prime factors of g?
163
Let q(p) = 1280*p + 61. What are the prime factors of q(3)?
47, 83
Let b(v) = 2*v**2 - 8*v + 2. Let j be b(7). Suppose 2*q = -2*h - j, -h = -3*h - q - 48. List the prime factors of (3/6)/((-1)/h).
13
Suppose -j = -2*r - 0 + 5, -2*j = -r - 5. Suppose j*q + 2*m = -6, -5*q - m = -q + 3. Suppose q = -4*n + 15 + 21. List the prime factors of n.
3
Let n(g) = -g + 31. Let k(o) = 2*o - 61. Let w(j) = 3*k(j) + 7*n(j). Suppose 3*z - z = 9*z. What are the prime factors of w(z)?
2, 17
Let l(d) = 3*d - 7. Let k(w) = 6 - w - 2 - 1 - 2. Let m(r) = -2*k(r) - l(r). List the prime factors of m(0).
5
List the prime factors of -2 + 2 + (532 - 3/(-3)).
13, 41
What are the prime factors of 1375 + (-16 - -22) - (-2)/(-2)?
2, 3, 5, 23
Let f(u) = -u. Let x(p) = 3*p**2 + 6*p + 12. Let i(s) = -f(s) + x(s). What are the prime factors of i(-8)?
2, 37
List the prime factors of 12*(-32)/(-18)*(-621)/(-18).
2, 23
Let z(v) = 24*v. Let p be z(1). Let k = 27 - p. Suppose k*o + x - 82 = 0, x = 2*o - x - 52. What are the prime factors of o?
3
Let h(w) = -42*w - 671. What are the prime factors of h(-31)?
631
Let s = 1286 + -301. List the prime factors of s.
5, 197
Let m = 7 + -4. Let j = 151 + -149. Suppose -v = l - 5, -j*l - 2 = -4*v + m*l. What are the prime factors of v?
3
Suppose -136*h + 146*h - 4490 = 0. List the prime factors of h.
449
Let n(s) = -43*s**3 - 5*s**2 + 6*s. Let y(w) = w**2 - w. Let z(m) = n(m) + 6*y(m). What are the prime factors of z(-1)?
2, 11
Suppose 2*x = 3*q - x - 726, -2*x - 247 = -q. Suppose -15*l - q = -16*l. List the prime factors of l.
3, 79
Let j(d) = 37*d + 241. What are the prime factors of j(36)?
11, 13
Suppose 117 = 2*z + z. Let b = 139 - z. Suppose -5*s + 0*s + b = 0. What are the prime factors of s?
2, 5
Let l(s) = s**2 + 10*s + 49. List the prime factors of l(17).
2, 127
Let x(r) = -6*r + 0*r + 10 + 7*r + 21. Suppose 0 = -3*y - 2*y. List the prime factors of x(y).
31
Let q(n) = n + 27. Let s be q(-11). What are the prime factors of s/(-88) - (-818)/22?
37
Let y(m) = -21*m + 27. What are the prime factors of y(-21)?
2, 3, 13
Suppose -1848 = -3*m + 1569. What are the prime factors of m?
17, 67
Suppose -37*h = -40*h - 9. What are the prime factors of (-9)/(0 - h) - -207?
2, 3, 17
Let a be (-2)/(-8) - 490/40. Let f be 40/a*9/(-6). Suppose 2*p - 2*b - 14 = -6*b, 3*b = -f*p + 63. What are the prime factors of p?
3, 5
List the prime factors of 9/(-18) + 914/4.
2, 3, 19
Let j(a) = -5*a**3 - 7*a**2 + 40*a - 8. What are the prime factors of j(-10)?
2, 7, 139
List the prime factors of -6 + 777 + 0 + -9.
2, 3, 127
Let r be 5/2*(-52)/(-65). List the prime factors of r - 1 - 4 - (-42 - -2).
37
Let k be 1 + 40 + 5 + -6. Suppose 10 = 5*l + k. List the prime factors of l/8 + (-835)/(-20).
41
Let x be 1*(-5)/15*0. What are the prime factors of 40*(1 - (-1 - x))?
2, 5
Let c = 174 + 263. List the prime factors of c.
19, 23
Let r = 4398 - 2441. What are the prime factors of r?
19, 103
Suppose -w = -1208 - 317. What are the prime factors of w?
5, 61
Let v(g) = 24*g - 1. List the prime factors of v(5).
7, 17
Let o = -49 + 121. Suppose -l = -2*n - 4 - 11, 3*n = -3*l + o. List the prime factors of l.
3, 7
Suppose -4*r = -4*q - 2024, 4*r + 5*q - 2433 + 391 = 0. List the prime factors of r.
2, 127
Let q be 0 + (-4)/2 + 132. Suppose -4*j + q = -2*j. Suppose -3*l + j = 2*l. What are the prime factors of l?
13
Let x(n) = -56*n. What are the prime factors of x(-7)?
2, 7
Let s be (-3)/(9/(-3)) - 15. Let z = -47 + 12. List the prime factors of 226/10 + s/z.
23
Let o = 129 + 2. Suppose -4*b + o + 37 = 0. List the prime factors of b.
2, 3, 7
Suppose 5*b + z = 16239, 48*z - 45*z = -4*b + 12989. List the prime factors of b.
2, 7, 29
Suppose 5*m - 7112 = 3*q + 1972, 0 = m + 5*q - 1800. What are the prime factors of m?
3, 5, 11
Let l(m) = -m**2 - 10*m + 4. Let n be l(-10). Suppose -4*s + 5 = -3*s + 4*k, n*s - 20 = k. List the prime factors of s/(-15) + (-37)/(-3).
2, 3
Suppose -5*z - 5*y = -8005, 64*z - 69*z + 4*y = -7969. What are the prime factors of z?
1597
Let o(t) = t**2 + t - 3. Let g be o(6). What are the prime factors of g/12 + 1/(-4)?
3
Suppose -3*d + 9 = 9. Let q be (-1)/(6/(-9))*14. Suppose b = -d*b + q. List the prime factors of b.
3, 7
Suppose -4*z = 3*q - 7, z + z = -2*q + 6. Suppose 111 = -q*a + 1. Let s = -16 - a. What are the prime factors of s?
2, 3
Suppose 2*u = -5*p + 9804, -326*u - 2*p + 24531 = -321*u. List the prime factors of u.
7, 701
Let c(d) = -50*d - 92. Let t be c(-21). What are the prime factors of t/10 - 14/(-70)?
2, 3
Let x(d) = 4 - 5 - 5 + 4*d - 10*d. Let z be x(-7). Suppose -m + 4*v = -12, -v - v + z = 3*m. List the prime factors of m.
2, 3
Let n(q) = -4*q + 5*q**2 + 6*q**2 - 6*q**2 + q**2 - 7. List the prime factors of n(-4).
3, 5, 7
Let c = 1254 - 1031. What are the prime factors of c?
223
Let s(g) = 4*g**3 - 1. Let z be s(-1). Let t = -2 - z. List the prime factors of 43/t - (-3)/(-9).
2, 7
Let b = -319 + 468. Suppose 0 = 5*f + 542 - 27. Let k = f + b. What are the prime factors of k?
2, 23
Let h(t) = -t**3 - t**2 + 15. Let m be h(0). Suppose -5 = 5*d + m. What are the prime factors of (-2)/1*90/d?
3, 5
Let j be 3/((36/42)/((-4)/(-7))). Suppose 5*s + n - 844 = -317, 3*s + j*n = 319. What are the prime factors of s?
3, 5, 7
Let i = 939 - 195. What are the prime factors of i?
2, 3, 31
Suppose 2 = -3*i + i. Let u = i - -1. Suppose 3*k + 16 - 139 = u. What are the prime factors of k?
41
Let o be (-12)/(-1 - (-1)/(-2)). Suppose 2*z - 4*r + 19 = 5, -z = r - o. Suppose -z*s = 0, 2*m - 3*s + 18 - 100 = 0. What are the prime factors of m?
41
Let d(j) be the third derivative of -j**5/60 + j**4/24 - 8*j**2. Let i(l) = -7*l**2 + l - 6. Let w(q) = 5*d(q) - i(q). List the prime factors of w(-4).
2, 11
Let q = 76 + -75. What are the prime factors of (-4 + 3)*q + 435/3?
2, 3
Let t = 0 + 48. List the prime factors of (5 + t)/(-2 + 3).
53
Let u be -4 - (4 - 2 - 8). Let g(t) = -4*t**u - 8*t + 3*t**2 - 7 - 3*t. What are the prime factors of g(-8)?
17
Let z(b) = -b**2 + 12*b + 7. Suppose 0 = -3*v + 5 + 4. Let q(p) = p**3 - 3*p**2 + 2*p + 4. Let a be q(v). List the prime factors of z(a).
3
Let t(o) = 751*o - 79. What are the prime factors of t(1)?
2, 3, 7
Suppose -28*k = -33*k - 25, 2923 = 2*t + 3*k. List the prime factors of t.
13, 113
Let j(u) be the second derivative of 13*u**3/6 + 7*u**2/2 - 18*u. What are the prime factors of j(12)?
163
Let m be (-4)/6 + 11/3. Suppose -d + 119 = -5*l + m*l, -d + 111 = 2*l. Suppose d = 7*n - 2*n. What are the prime factors of n?
23
Let f = -127 - -219. Let b = f + -29. What are the prime factors of b?
3, 7
What are the prime fact